
True
Is 8 a factor of 171?
False
Does 19 divide 1159?
True
Is 2288 a multiple of 88?
True
Is 23 a factor of 468?
False
Is 482 a multiple of 2?
True
Does 87 divide 58029?
True
Is 76 a factor of 1772?
False
Does 28 divide 24849?
False
Is 12783 a multiple of 201?
False
Is 193 a factor of 48057?
True
Does 19 divide 12185?
False
Is 55 a factor of 1869?
False
Is 488 a multiple of 4?
True
Does 58 divide 33407?
False
Does 5 divide 1840?
True
Is 614 a multiple of 62?
False
Is 9720 a multiple of 27?
True
Does 126 divide 11654?
False
Does 9 divide 100791?
True
Is 715 a multiple of 3?
False
Is 6 a factor of 798?
True
Does 35 divide 606?
False
Is 5623 a multiple of 13?
False
Does 16 divide 3612?
False
Is 298 a multiple of 6?
False
Is 2349 a multiple of 119?
False
Does 104 divide 395?
False
Is 64785 a multiple of 105?
True
Is 20 a factor of 1623?
False
Is 182 a factor of 111020?
True
Does 17 divide 523?
False
Does 9 divide 170?
False
Does 35 divide 91?
False
Does 91 divide 8172?
False
Does 5 divide 35?
True
Does 13 divide 15483?
True
Does 10 divide 8030?
True
Is 2 a factor of 122?
True
Is 2930 a multiple of 60?
False
Does 22 divide 2749?
False
Is 10 a factor of 2970?
True
Is 2 a factor of 12128?
True
Is 80 a factor of 9600?
True
Does 5 divide 550?
True
Is 8145 a multiple of 9?
True
Does 141 divide 26226?
True
Is 6046 a multiple of 12?
False
Is 5 a factor of 790?
True
Does 81 divide 2106?
True
Does 16 divide 112256?
True
Does 11 divide 4823?
False
Is 1400 a multiple of 28?
True
Does 7 divide 991?
False
Is 2842 a multiple of 6?
False
Is 174 a multiple of 9?
False
Does 65 divide 19921?
False
Is 58 a factor of 75516?
True
Is 30 a factor of 360?
True
Is 49 a factor of 4459?
True
Is 301 a factor of 108678?
False
Does 60 divide 383?
False
Is 110 a factor of 2090?
True
Is 4 a factor of 85?
False
Does 14 divide 38416?
True
Is 756 a multiple of 54?
True
Is 11 a factor of 506?
True
Is 5921 a multiple of 221?
False
Does 60 divide 780?
True
Is 3721 a multiple of 108?
False
Is 42 a factor of 3024?
True
Is 8 a factor of 1330?
False
Is 73 a factor of 219?
True
Is 3682 a multiple of 70?
False
Is 25 a factor of 97?
False
Is 10 a factor of 830?
True
Is 10 a factor of 790?
True
Is 46 a factor of 7657?
False
Is 25 a factor of 10466?
False
Does 6 divide 1139?
False
Is 658 a multiple of 63?
False
Is 1375 a multiple of 17?
False
Is 8460 a multiple of 30?
True
Is 1211 a multiple of 31?
False
Is 34671 a multiple of 39?
True
Does 7 divide 756?
True
Does 127 divide 145161?
True
Is 27 a factor of 23144?
False
Does 21 divide 2790?
False
Does 19 divide 741?
True
Is 8 a factor of 3517?
False
Is 5 a factor of 14383?
False
Is 39 a factor of 587?
False
Does 6 divide 2436?
True
Is 30 a factor of 1330?
False
Is 3 a factor of 5544?
True
Is 13 a factor of 1950?
True
Is 13 a factor of 8698?
False
Does 6 divide 101?
False
Is 357 a multiple of 9?
False
Is 840 a multiple of 20?
True
Is 1278 a multiple of 2?
True
Does 7 divide 1365?
True
Is 63 a multiple of 62?
False
Is 74 a factor of 13764?
True
Is 33152 a multiple of 11?
False
Does 101 divide 1626?
False
Does 6 divide 451?
False
Is 7 a factor of 205?
False
Is 31 a factor of 65224?
True
Does 112 divide 2744?
False
Is 1143 a multiple of 43?
False
Is 25421 a multiple of 11?
True
Is 49 a factor of 15420?
False
Is 726 a multiple of 8?
False
Is 552 a multiple of 24?
True
Does 5 divide 3657?
False
Is 153 a factor of 3212?
False
Is 60717 a multiple of 37?
True
Does 62 divide 2655?
False
Is 49 a factor of 5104?
False
Is 67116 a multiple of 21?
True
Is 15 a factor of 13359?
False
Is 46 a multiple of 4?
False
Does 99 divide 28809?
True
Is 6576 a multiple of 2?
True
Is 154234 a multiple of 134?
True
Is 2 a factor of 541?
False
Is 56066 a multiple of 194?
True
Is 56 a factor of 847?
False
Is 61 a factor of 2482?
False
Is 41 a multiple of 4?
False
Is 12 a factor of 274?
False
Does 22 divide 1756?
False
Does 8 divide 3602?
False
Does 3 divide 1786?
False
Does 8 divide 432?
True
Is 4070 a multiple of 22?
True
Is 195 a multiple of 39?
True
Does 25 divide 48?
False
Does 29 divide 1740?
True
Is 10146 a multiple of 57?
True
Is 27178 a multiple of 225?
False
Is 35 a factor of 344?
False
Is 26376 a multiple of 28?
True
Is 15101 a multiple of 76?
False
Is 55 a multiple of 55?
True
Is 14 a factor of 6426?
True
Is 4432 a multiple of 16?
True
Does 87 divide 2523?
True
Does 23 divide 6463?
True
Is 4956 a multiple of 13?
False
Is 15 a factor of 9750?
True
Does 148 divide 1815?
False
Does 46 divide 690?
True
Is 38786 a multiple of 16?
False
Is 1495 a multiple of 23?
True
Is 7422 a multiple of 60?
False
Is 19 a factor of 521?
False
Is 36 a factor of 648?
True
Is 86 a factor of 4214?
True
Is 273 a multiple of 13?
True
Does 5 divide 2175?
True
Is 61 a factor of 28324?
False
Does 8 divide 426?
False
Is 7 a factor of 12647?
False
Does 17 divide 221?
True
Is 79 a factor of 33970?
True
Does 28 divide 13356?
True
Does 13 divide 3354?
True
Is 34663 a multiple of 11?
False
Is 80 a multiple of 20?
True
Is 5177 a multiple of 6?
False
Is 29 a factor of 192?
False
Is 33 a factor of 8347?
False
Does 23 divide 2093?
True
Is 40 a factor of 400?
True
Does 16 divide 8448?
True
Is 12 a factor of 14681?
False
Is 41 a factor of 1148?
True
Is 8326 a multiple of 7?
False
Is 141 a factor of 85164?
True
Is 23 a factor of 9270?
False
Is 103264 a multiple of 56?
True
Is 23 a factor of 11845?
True
Is 22 a factor of 22750?
False
Is 10 a factor of 2250?
True
Is 267 a multiple of 30?
False
Does 76 divide 2302?
False
Does 77 divide 74305?
True
Is 21396 a multiple of 206?
False
Does 22 divide 308?
True
Is 806 a multiple of 62?
True
Does 33 divide 3123?
False
Is 28430 a multiple of 7?
False
Is 2094 even?
True
Does 18 divide 1422?
True
Is 128 a factor of 2119?
False
Is 641 a multiple of 22?
False
Does 23 divide 817?
False
Is 97 a factor of 9506?
True
Is 15 a factor of 2095?
False
Is 980 a multiple of 70?
True
Does 13 divide 3932?
False
Is 33 a factor of 13860?
True
Is 97140 a multiple of 20?
True
Is 7870 a multiple of 49?
False
Does 17 divide 1223?
False
Is 25 a factor of 4707?
False
Is 4704 a multiple of 32?
True
Is 11 a factor of 60733?
False
Is 371 a factor of 4452?
True
Is 22 a factor of 2750?
True
Is 30 a multiple of 30?
True
Is 19 a factor of 29032?
True
Is 3783 a multiple of 97?
True
Is 8 a factor of 1560?
True
Does 8 divide 877?
False
Does 3 divide 635?
False
Is 396 a multiple of 4?
True
Is 580 a multiple of 8?
False
Does 59 divide 2714?
True
Does 14 divide 931?
False
Does 10 divide 589?
False
Is 4443 a multiple of 6?
False
Is 96 a multiple of 7?
False
Is 26 a factor of 936?
True
Does 23 divide 230?
True
Is 3360 a multiple of 20?
True
Is 30695 a multiple of 7?
True
Is 8832 a multiple of 32?
True
Is 3 a factor of 720?
True
Is 63 a factor of 3081?
False
Does 14 divide 14130?
False
Is 187 a multiple of 11?
True
Is 12542 a multiple of 127?
False
Does 10 divide 6247?
False
Does 10 divide 1064?
False
Is 8 a factor of 2952?
True
Is 1337 a multiple of 11?
False
Is 50 a factor of 1158?
False
Does 8 divide 328?
True
Is 1429 a multiple of 108?
False
Does 11 divide 27496?
False
Is 7 a factor of 424?
False
Does 29 divide 580?
True
Does 21 divide 504?
True
Does 11 divide 242?
True
Is 4 a factor of 20447?
False
Is 30 a factor of 35410?
False
Does 403 divide 24583?
True
Is 688 a multiple of 20?
False
Does 57 divide 233?
False
Is 26 a factor of 3370?
False
Is 1068 a multiple of 89?
True
Is 3002 a multiple of 4?
False
Does 127 divide 16242?
False
Is 12 a factor of 9636?
True
Does 93 divide 3278?
False
Is 97 a factor of 8112?
False
Is 13 a factor of 1495?
True
Is 237 a multiple of 3?
True
Does 72 divide 21094?
False
Is 3240 a multiple of 106?
False
Is 35 a factor of 630?
True
Does 38 divide 5320?
True
Does 161 divide 27853?
True
Is 5445 a multiple of 17?
False
Is 10242 a multiple of 72?
False
Does 9 divide 738?
True
Is 8 a factor of 641?
False
Is 2394 a multiple of 124?
False
Does 21 divide 1071?
True
Is 267 a factor of 28788?
False
Does 15 divide 2568?
False
Does 130 divide 20256?
False
Is 11 a factor of 16423?
True
Is 885 a multiple of 11?
False
Is 71 a factor of 1562?
True
Is 161 a multiple of 7?
True
Does 181 divide 6154?
True
Does 4 divide 5942?
False
Is 59 a factor of 2891?
True
Is 27 a factor of 345?
False
Is 